
6
What is the remainder when 92302 is divided by 15?
7
What is the remainder when 6954 is divided by 116?
110
Calculate the remainder when 12647039 is divided by 896.
895
Calculate the remainder when 58040 is divided by 222.
98
What is the remainder when 25966 is divided by 565?
541
Calculate the remainder when 1240 is divided by 63.
43
Calculate the remainder when 11905 is divided by 625.
30
What is the remainder when 15415 is divided by 16?
7
Calculate the remainder when 10569 is divided by 12.
9
Calculate the remainder when 794 is divided by 785.
9
Calculate the remainder when 2494 is divided by 886.
722
What is the remainder when 718 is divided by 9?
7
Calculate the remainder when 130 is divided by 95.
35
Calculate the remainder when 27657 is divided by 10.
7
Calculate the remainder when 55726 is divided by 387.
385
Calculate the remainder when 63990 is divided by 158.
0
What is the remainder when 972802 is divided by 626?
624
Calculate the remainder when 596 is divided by 467.
129
What is the remainder when 64241 is divided by 32117?
7
What is the remainder when 123651 is divided by 141?
135
Calculate the remainder when 13407 is divided by 13402.
5
Calculate the remainder when 18149 is divided by 58.
53
Calculate the remainder when 6696 is divided by 163.
13
What is the remainder when 3320 is divided by 986?
362
Calculate the remainder when 14084 is divided by 65.
44
What is the remainder when 38976 is divided by 20?
16
What is the remainder when 2342 is divided by 130?
2
Calculate the remainder when 656 is divided by 343.
313
What is the remainder when 57893 is divided by 28942?
9
What is the remainder when 130566 is divided by 43519?
9
Calculate the remainder when 29025 is divided by 62.
9
What is the remainder when 20020 is divided by 94?
92
Calculate the remainder when 4597 is divided by 47.
38
What is the remainder when 56553 is divided by 11309?
8
Calculate the remainder when 3772 is divided by 25.
22
Calculate the remainder when 205332 is divided by 140.
92
What is the remainder when 101713 is divided by 33737?
502
Calculate the remainder when 531842 is divided by 59.
16
What is the remainder when 364412 is divided by 92?
0
Calculate the remainder when 7275 is divided by 18.
3
What is the remainder when 2323863 is divided by 1052?
1047
What is the remainder when 83019 is divided by 655?
489
Calculate the remainder when 8423 is divided by 242.
195
What is the remainder when 6934 is divided by 7?
4
What is the remainder when 7368 is divided by 97?
93
What is the remainder when 59949 is divided by 6?
3
Calculate the remainder when 904 is divided by 214.
48
Calculate the remainder when 1164 is divided by 229.
19
What is the remainder when 16502 is divided by 1649?
12
Calculate the remainder when 153228 is divided by 7.
5
What is the remainder when 6175 is divided by 194?
161
Calculate the remainder when 539922 is divided by 272.
2
What is the remainder when 1486025 is divided by 76?
73
Calculate the remainder when 3509 is divided by 631.
354
What is the remainder when 2470 is divided by 59?
51
What is the remainder when 3049 is divided by 13?
7
What is the remainder when 20822 is divided by 5?
2
What is the remainder when 68994 is divided by 22987?
33
What is the remainder when 845084 is divided by 21?
2
Calculate the remainder when 3511 is divided by 351.
1
What is the remainder when 1961 is divided by 806?
349
What is the remainder when 6946 is divided by 3408?
130
Calculate the remainder when 166267 is divided by 71.
56
What is the remainder when 986 is divided by 38?
36
What is the remainder when 1647 is divided by 229?
44
What is the remainder when 2014 is divided by 210?
124
Calculate the remainder when 7563 is divided by 1344.
843
What is the remainder when 24878 is divided by 246?
32
What is the remainder when 2782 is divided by 555?
7
What is the remainder when 45436 is divided by 3028?
16
Calculate the remainder when 365146 is divided by 294.
292
Calculate the remainder when 274 is divided by 73.
55
Calculate the remainder when 38024 is divided by 40.
24
What is the remainder when 2224 is divided by 428?
84
What is the remainder when 297239 is divided by 59?
56
Calculate the remainder when 258734 is divided by 969.
11
What is the remainder when 34571 is divided by 59?
56
What is the remainder when 3482 is divided by 72?
26
What is the remainder when 84995 is divided by 27?
26
Calculate the remainder when 7583 is divided by 421.
5
What is the remainder when 2513 is divided by 666?
515
Calculate the remainder when 6684 is divided by 81.
42
Calculate the remainder when 5004 is divided by 1228.
92
Calculate the remainder when 1299959 is divided by 157.
156
What is the remainder when 8779 is divided by 4384?
11
What is the remainder when 57517 is divided by 98?
89
What is the remainder when 274260 is divided by 35?
0
What is the remainder when 32216 is divided by 158?
142
Calculate the remainder when 1996 is divided by 50.
46
What is the remainder when 1435 is divided by 238?
7
What is the remainder when 142584 is divided by 71240?
104
What is the remainder when 4420305 is divided by 53?
52
What is the remainder when 808 is divided by 552?
256
Calculate the remainder when 252400 is divided by 21033.
4
Calculate the remainder when 44179 is divided by 104.
83
What is the remainder when 877515 is divided by 33?
12
What is the remainder when 6143 is divided by 2008?
119
What is the remainder when 4754 is divided by 1112?
306
Calculate the remainder when 309301 is divided by 432.
421
What is the remainder when 22935 is divided by 7642?
9
Calculate the remainder when 457438 is divided by 739.
736
What is the remainder when 46022 is divided by 84?
74
What is the remainder when 6527 is divided by 4920?
1607
Calculate the remainder when 4155 is divided by 15.
0
What is the remainder when 987483 is divided by 98748?
3
What is the remainder when 8895 is divided by 1482?
3
What is the remainder when 1047 is divided by 1040?
7
Calculate the remainder when 48885 is divided by 742.
655
Calculate the remainder when 5827 is divided by 539.
437
Calculate the remainder when 731 is divided by 438.
293
Calculate the remainder when 43501 is divided by 748.
117
Calculate the remainder when 65326 is divided by 29.
18
Calculate the remainder when 11061 is divided by 3.
0
What is the remainder when 17796 is divided by 1778?
16
What is the remainder when 10778 is divided by 2682?
50
What is the remainder when 25704 is divided by 265?
264
Calculate the remainder when 34325 is divided by 8581.
1
What is the remainder when 2724 is divided by 542?
14
What is the remainder when 110043 is divided by 412?
39
Calculate the remainder when 17978 is divided by 310.
308
What is the remainder when 23490 is divided by 671?
5
Calculate the remainder when 4265729 is divided by 630.
629
Calculate the remainder when 3768 is divided by 1244.
36
What is the remainder when 110970 is divided by 193?
188
What is the remainder when 8951 is divided by 559?
7
Calculate the remainder when 530 is divided by 87.
8
Calculate the remainder when 43205 is divided by 181.
127
What is the remainder when 35948 is divided by 17973?
2
Calculate the remainder when 2525 is divided by 461.
220
Calculate the remainder when 60639 is divided by 149.
145
Calculate the remainder when 13933 is divided by 1153.
97
Calculate the remainder when 414 is divided by 366.
48
Calculate the remainder when 789087 is divided by 22.
13
What is the remainder when 21838 is divided by 4365?
13
What is the remainder when 237 is divided by 18?
3
Calculate the remainder when 3619 is divided by 1173.
100
What is the remainder when 5221 is divided by 43?
18
What is the remainder when 20744 is divided by 5179?
28
What is the remainder when 6691 is divided by 179?
68
What is the remainder when 118354 is divided by 14?
12
What is the remainder when 5351 is divided by 128?
103
Calculate the remainder when 25897 is divided by 148.
145
What is the remainder when 3753229 is divided by 14?
11
Calculate the remainder when 927059 is divided by 908.
899
Calculate the remainder when 153559 is divided by 220.
219
Calculate the remainder when 54014 is divided by 1385.
1384
What is the remainder when 4801905 is divided by 509?
508
C